 g?
3
Let w(x) = 26*x**2 - 18*x + 13. What is the remainder when w(10) is divided by 28?
25
Suppose -9*z = -13*z + 276. Let i = -3 + 39. Suppose -34*q - i = -37*q. Calculate the remainder when z is divided by q.
9
Let a(p) = -10*p - 138. Let j(w) = 5*w + 68. Let h be 2/((24/(-60))/(18/10)). Let z(x) = h*j(x) - 4*a(x). Calculate the remainder when 117 is divided by z(-18).
27
Let c = 109 + -180. Let a = -63 - c. Suppose 11*v - 239 = -a. What is the remainder when 57 is divided by v?
15
Suppose -62*p - 400 = -78*p. Suppose p = -21*i + 487. What is the remainder when 31 is divided by i?
9
Let p = 27 + 29. Suppose -3*l = y - 54, 0 = 5*y - 4 - 11. Let n = -2 + l. Calculate the remainder when p is divided by n.
11
Let i(f) = -f**2 + 26*f - 148. What is the remainder when 599 is divided by i(16)?
11
Suppose 0 = -b - 4, -6*d - 1632 = -3*d - 3*b. Let m = d - -560. What is the remainder when 562 is divided by m?
10
Let y be ((-5 - 0) + 34)/1. Suppose 18*a = 277 + y. Calculate the remainder when 95 is divided by a.
10
Let j = -701 + 726. Suppose -22*f = -j*f + 297. What is the remainder when 202 is divided by f?
4
Suppose 0 = 65*l - 40*l + 550. What is the remainder when 10 + 0 - (-154)/l is divided by 4*1/((-2)/(-1))?
1
Let n be 2/6*-1*-39. Suppose n*d - 16*d + 3 = 0. Suppose -18 = -4*l + h, 4*l - 3*l - 3*h + d = 0. Calculate the remainder when 8 is divided by l.
3
Suppose 42*b = -95*b + 302461 + 30175. Calculate the remainder when b is divided by 143.
140
Let u be ((-10)/(-8))/(2/8). Let v be 57/(((-31)/62)/(1/(-3))). Suppose -u*f - v - 294 = -3*a, -f = -5*a + 524. Calculate the remainder when a is divided by 35.
34
Let b(y) = -2*y**2 - 31*y - 100. Let q(c) = c**3 + 20*c**2 + 55*c + 3. Let u be q(-3). Calculate the remainder when 280 is divided by b(u).
8
Let r(w) = -3*w**3 + 7*w**2 - 21 - 18*w + 5*w**3 - w**3 - 20*w**2. Let c(l) = -58*l - 792. What is the remainder when r(15) is divided by c(-14)?
19
Suppose -7*s = -3*y - 6*s + 4370, 3*s - 4362 = -3*y. Suppose -41*j = -13*j - y. What is the remainder when 256 is divided by j?
48
Let r(n) = -4*n**3 + 2*n**2 - 3*n + 3. What is the remainder when 7690 is divided by r(-2)?
46
Let j(q) = -12*q - 32. Let b be j(-3). Suppose 6*y - b*t + 68 = 10*y, -7 = -y + 4*t. What is the remainder when 71 is divided by y?
11
Suppose -553 = -31*l - 12*l - 37. Calculate the remainder when 1833 is divided by l.
9
Suppose 15*t - 13*t = 100. Calculate the remainder when 66 is divided by t.
16
Let j = 132 - 232. What is the remainder when 199 is divided by -1*(j/4 + 5)?
19
Let w(d) = 25*d**2 + d. Let y be ((-87)/(-6))/((-243)/(-122) - 2). Let h = y - -1868. Calculate the remainder when h is divided by w(1).
21
Suppose -1958 - 1032 = -130*x. Suppose -4*j = -y - 348, -j + 0*y - y + 92 = 0. What is the remainder when j is divided by x?
19
Let i be (-4 + 6/(-3))*8/(-24). Suppose -i*h - 198 + 216 = 0. Calculate the remainder when 17 is divided by h.
8
Let q be (8 - 0)/(-3*2/(-426)). Let p = -544 + q. Calculate the remainder when 215/3 - 2/3 is divided by p.
23
Suppose -2*h + 81 = 3*l - 30, -2*l + 4*h = -42. What is the remainder when 542 is divided by l?
14
Suppose 321 = 5*o - 7*o + f, 0 = 3*f + 3. Let y = o - -208. What is the remainder when 231 is divided by y?
43
Suppose w - 179 = 4*j, -w + 147 = 2*j - 26. Calculate the remainder when w is divided by 156.
19
Suppose -2*w + 3*s = -153 + 77, -3*s - 47 = -w. What is the remainder when 585 is divided by w?
5
Calculate the remainder when 664 is divided by 2202/14 + ((-320)/140)/8.
36
Let s(c) = 40*c - 167. Let i be s(4). Calculate the remainder when 142/(16/(-168)*i) is divided by 6.
3
Let s(o) = o**3 - 11*o**2 - 6*o + 23. Let h be s(11). Let f = 8 - h. Let q = -17 + f. Calculate the remainder when 132 is divided by q.
30
Suppose -r - 36 = -5*r. Let x(j) = j**3 + 11*j**2 - 21*j + 79. Suppose -39*b - 117 = -30*b. Calculate the remainder when x(b) is divided by r.
5
Suppose 12 = -v + 96. Suppose 32 - 134 = 2*x. Let c = x + 68. Calculate the remainder when v is divided by c.
16
Suppose -3*j + 3*d = -4*j - 8, -5*j = -d - 40. Suppose -91 = -j*t + 210. Calculate the remainder when 252 is divided by t.
37
Calculate the remainder when 387 is divided by (68 - 3)/((-15)/(-30)).
127
Calculate the remainder when ((-334)/(-12))/(-2 - (-13)/6) is divided by -6*(-4 - (-6)/(-2)).
41
Suppose 5*s - s = -36. Let p(v) = -v**3 - 7*v**2 + 10*v - 17. Calculate the remainder when p(s) is divided by 20.
15
Suppose 3150 = 16*h + 27*h - 25*h. Calculate the remainder when h is divided by 1/(4/232) - -2.
55
Suppose -150 = -4*t - 26*t. Calculate the remainder when 297 is divided by t.
2
Calculate the remainder when 3549 is divided by 56/6 + -10 + (-2)/6 + 68.
65
Calculate the remainder when (-364)/(-65)*(-320)/(-1) is divided by 138.
136
Suppose 4*m - 200 = -4*i, -m - i + 44 = 2*i. Let x(t) = -t**3 + 10*t**2 + 2*t - 2. Let f = -8 + 18. What is the remainder when m is divided by x(f)?
17
Suppose 0 = -501*d + 500*d + 24. What is the remainder when d is divided by 23?
1
Suppose 4*u = x - 4*x - 2233, 2*u = -3*x - 2231. Let v = 766 + x. What is the remainder when 108 is divided by v?
16
Suppose 0 = -2336*p + 2322*p + 28938. Calculate the remainder when p is divided by 56.
51
Let z be 13/(-13)*43*-1. Let g = -41 + z. Suppose -5*w = -3*k - 126, -g*w - 3*k + 60 - 18 = 0. What is the remainder when 95 is divided by w?
23
Let x be (0/((-35)/7))/(3 - 1). Suppose 20*b - 50 - 150 = x. What is the remainder when 27 is divided by b?
7
What is the remainder when 3363 is divided by (-21)/((-210)/(-80)) - -66?
57
Suppose 20*p - 198 = 26*p. Let b = p - -36. Suppose b*c - 47 = 4. Calculate the remainder when 100 is divided by c.
15
Let w = 24438 + -22738. Calculate the remainder when w is divided by 2.
0
Suppose 7*k - 7 - 7 = 0. Suppose -k*z + 5*a = -7*z + 75, -z = -a - 11. Suppose 0 = -q - z + 34. Calculate the remainder when 83 is divided by q.
20
Calculate the remainder when 16 is divided by (-73)/(-5) + (324/(-30))/(-27).
1
Let b(j) = 2*j**2 + 80*j - 802. What is the remainder when b(13) is divided by 29?
25
Let v be 2*1/4 - 808/(-16). Suppose -y - 4*t = -v + 15, 0 = -t + 3. What is the remainder when y is divided by (4/(-6) - 550/(-33)) + 0?
8
Let r be (-10)/4*16/(-10). Suppose -4*w = -4*u - 48, -r*w - 48*u = -49*u - 48. What is the remainder when 80 is divided by w?
8
Suppose -3*d = -5*s + 98, -4*s + 3*d = 241 - 320. What is the remainder when -1 + 1 - (-50)/1 is divided by s?
12
What is the remainder when 0/2 + 1465 - ((-13)/1 + 9) is divided by 42?
41
Let d be (20 - 14) + -1 + 0/2. Suppose d*s - 45 = 8*s. Calculate the remainder when (6/(-1 + -2))/(2/s) is divided by 6.
3
Let g = -1843 + 2248. What is the remainder when g is divided by 17?
14
Suppose 200*w - 491*w = 400*w - 961872. Calculate the remainder when 4178 is divided by w.
2
Suppose -3*j - 27 - 111 = 0. Let g(q) = 9*q + 21. Let z be g(-6). Let m = z - j. Calculate the remainder when 75 is divided by m.
10
Calculate the remainder when ((-155)/15)/((-8)/24) is divided by (12/(-10))/(2/(-40)).
7
Suppose -1030 = -8*v - 4*v + 1010. Calculate the remainder when 1525 is divided by v.
165
Let i = 12610 + -12521. What is the remainder when 11745 is divided by i?
86
Suppose 1400 = 3*z + 398. Suppose -m = s - 0*m - 66, -5*s = 3*m - z. Calculate the remainder when 336 is divided by s.
64
Let y(z) = 19*z + 267. Calculate the remainder when 130 is divided by y(-12).
13
Let w(u) = u**2 - 5*u + 3. Let o(t) = 106 - 43 - 2*t - 39. Let n be o(8). Calculate the remainder when 52 is divided by w(n).
25
Let k(p) = 13*p + 1036. Suppose -3*l + 4 = -2*l. Suppose 2*o + 26 = l*o. What is the remainder when k(-77) is divided by o?
9
Let f(j) = -38*j - 225. Let w be f(-6). Suppose -d + 4*y = -25, -6*d + w*y + 35 = -4*d. Calculate the remainder when d is divided by 2.
1
Suppose 824*x = 855*x - 10633. What is the remainder when x is divided by 57?
1
Let u = -100 + 117. Calculate the remainder when -2 + (4/22 - 669/(-11)) is divided by u.
8
Let p(y) = -7*y**2 - 508*y - 168. What is the remainder when 303 is divided by p(-72)?
63
Suppose -7*w + 4*w + 12 = 0. Suppose -2*q - w + 0 = b, -16 = 4*b + 5*q. What is the remainder when 29 is divided by 10 - 0/(b + 3 + 2)?
9
Suppose 134*y - 3110 - 926 - 